{"id":6,"date":"2018-10-20T08:24:18","date_gmt":"2018-10-20T08:24:18","guid":{"rendered":"https:\/\/szalmahazak.hu\/?page_id=6"},"modified":"2020-01-08T11:02:37","modified_gmt":"2020-01-08T11:02:37","slug":"kezdolap","status":"publish","type":"page","link":"https:\/\/szalmahazak.hu\/","title":{"rendered":"Kezd\u0151lap"},"content":{"rendered":"<div id=\"themify_builder_content-6\" data-postid=\"6\" class=\"themify_builder_content themify_builder_content-6 themify_builder\">\n\n    \t\t\t\t<!-- module_row -->\n\t\t<div data-fullwidthvideo=\"https:\/\/szalmahazak.hu\/wp-content\/uploads\/2018\/10\/szalmahazak.mp4\" data-mutevideo=\"mute\" data-unloopvideo=\"loop\" class=\"themify_builder_row module_row clearfix repeat fullheight fullwidth module_row_0 themify_builder_6_row module_row_6-0\">\n\t\t\t\t\t\t<div class=\"row_inner col_align_top\" >\n                            \n\t\t<div  class=\"module_column tb-column col-full first tb_6_column module_column_0 module_column_6-0-0\" >\n                                                                <div class=\"tb-column-inner\">\n                            \n\n    <!-- module fancy heading -->\n    <div  id=\"fancy-heading-6-0-0-0\" class=\"module module-fancy-heading fancy-heading-6-0-0-0  \">\n        <!--insert-->\n        <h1 class=\"fancy-heading themify-text-center\">\n        <span class=\"main-head\">Szalmah\u00e1zak<\/span>\n        <span class=\"sub-head\">K\u00f6rnyezetk\u00edm\u00e9l\u0151 \u00e9p\u00edtkez\u00e9s<\/span>\n        <\/h1>\n    <\/div>\n    <!-- \/module fancy heading -->\n\n                        <\/div>\n                    \t\t<\/div>\n\t\t                                <\/div>\n                                <!-- \/row_inner -->\n                        <\/div>\n                        <!-- \/module_row -->\n\t\t\t\t\t\t<!-- module_row -->\n\t\t<div  class=\"themify_builder_row module_row clearfix module_row_1 themify_builder_6_row module_row_6-1\">\n\t\t\t\t\t\t<div class=\"row_inner col_align_top\" >\n                            \n\t\t<div  class=\"module_column tb-column col-full first tb_6_column module_column_0 module_column_6-1-0\" >\n                                                                <div class=\"tb-column-inner\">\n                            \n\n    <!-- module divider -->\n    <div  id=\"divider-6-1-0-0\" class=\"module module-divider divider-6-1-0-0 solid    \" style=\"border-width: 1px;border-color: #000000;margin-top: 90px;margin-bottom: 100px;\">\n        <!--insert-->\n            <\/div>\n    <!-- \/module divider -->\n\n                        <\/div>\n                    \t\t<\/div>\n\t\t                                <\/div>\n                                <!-- \/row_inner -->\n                        <\/div>\n                        <!-- \/module_row -->\n\t\t\t\t\t\t<!-- module_row -->\n\t\t<div  class=\"themify_builder_row module_row clearfix module_row_2 themify_builder_6_row module_row_6-2\">\n\t\t\t\t\t\t<div class=\"row_inner col_align_top\" >\n                            \n\t\t<div  class=\"module_column tb-column col-full first tb_6_column module_column_0 module_column_6-2-0\" >\n                                                                <div class=\"tb-column-inner\">\n                            \n\n    <!-- module feature -->\n    <div  id=\"feature-6-2-0-0\" class=\"module module-feature feature-6-2-0-0 with-chart layout-icon-top size-small  \">\n        <!--insert-->\n        <style type=\"text\/css\">#feature-6-2-0-0 .module-feature-chart-html5 {\n\t\t\t\t\tbox-shadow: inset 0 0 0 3px rgba(0,0,0,.1);\n\t\t\t\t}\n\t\t\t\t#feature-6-2-0-0 .chart-loaded.chart-html5-fill {\n\t\t\t\t\tbox-shadow: inset 0 0 0 3px #de5d5d;\n\t\t\t\t}<\/style>\n        \n        <div class=\"module-feature-image\">\n            \n            \n                <div class=\"module-feature-chart-html5\"\n                                         data-progress=\"0\"\n                         data-progress-end=\"100\"\n                         data-size=\"100\"\n                                          >\n                    <div class=\"chart-html5-circle\">\n                                                    <div class=\"chart-html5-mask chart-html5-full\">\n                                <div class=\"chart-html5-fill\"><\/div>\n                            <\/div>\n                            <div class=\"chart-html5-mask chart-html5-half\">\n                                <div class=\"chart-html5-fill\"><\/div>\n                            <\/div>\n                                                <div class=\"chart-html5-inset chart-html5-inset-icon\">\n\n                                                                                            <i class=\"module-feature-icon fa fa-home\" style=\"color: #000\"><\/i>                            \n                        <\/div>\n                    <\/div>\n                <\/div>\n\n                \n        <\/div>\n\n        <div class=\"module-feature-content\">\n\t\t\t<h3 class=\"module-feature-title\">Hagyom\u00e1ny \u00e9s modern technika \u00f6tv\u00f6zete.<\/h3>            <p><strong>Mi\u00e9rt pont szalmah\u00e1z?<\/strong><\/p>\n<p>\u00a0<\/p>\n<ul>\n<li>\n<p>A szalmah\u00e1z az egyik legkedvez\u0151bb megold\u00e1s a k\u00f6rnyezetv\u00e9delem ir\u00e1nt elk\u00f6telezett \u00e9p\u00edtkez\u0151k sz\u00e1m\u00e1ra. A felhaszn\u00e1lt anyagok el\u0151\u00e1ll\u00edt\u00e1sa, feldolgoz\u00e1sa nem ig\u00e9nyel fosszilis energi\u00e1t.<\/p>\n<p>Egy hagyom\u00e1nyos h\u00e1znak j\u00f3kora \u00f6kol\u00f3giai l\u00e1bnyoma van, hisz jelent\u0151s energiafelhaszn\u00e1l\u00e1sa mellett a t\u00e9gla, cser\u00e9p, beton gy\u00e1rt\u00e1sa sor\u00e1n keletkez\u0151 leveg\u0151szennyez\u00e9st is bele kell kalkul\u00e1lni. A szalmah\u00e1z \u00f6kol\u00f3giai l\u00e1bnyoma nagyon csek\u00e9ly.<\/p>\n<\/li>\n<\/ul>\n<p>\u00a0<\/p>\n<ul>\n<li>\n<h3 class=\"m_7230468509154693423m_-7473558844182562560gmail-western\">A szalmah\u00e1z el\u0151ny\u00f6s tulajdons\u00e1gai:<\/h3>\n<ul>\n<li>Alacsony energiafelhaszn\u00e1l\u00e1s <a href=\"http:\/\/metropolisingatlan.hu\/wp-content\/uploads\/2017\/03\/energetika2-1200x675.jpg\">(A,A+)<\/a>.<\/li>\n<li>A leveg\u0151 p\u00e1ratartalma term\u00e9szetes m\u00f3don szab\u00e1lyozott, \u00e9s mindig k\u00f6zel\u00edt az optim\u00e1lishoz.<\/li>\n<li>Az \u00e9p\u00fclet ny\u00e1ron nem ig\u00e9nyel mesters\u00e9ges h\u0171t\u00e9st.<\/li>\n<li>J\u00f3 hangszigetel\u0151.<\/li>\n<li>A felhaszn\u00e1lt term\u00e9szetes anyagoknak nincs k\u00e1rosanyag kibocs\u00e1t\u00e1suk.<\/li>\n<li>A felhaszn\u00e1lt \u00e9p\u00edt\u0151anyagok el\u0151\u00e1ll\u00edt\u00e1sa nagyr\u00e9szt meg\u00fajul\u00f3 energiaforr\u00e1sokat vesz ig\u00e9nybe.<\/li>\n<li>A haszn\u00e1lat sor\u00e1n a szok\u00e1sosn\u00e1l kisebb a f\u00fcgg\u0151s\u00e9g a nagy energiaell\u00e1t\u00f3 rendszerekt\u0151l.<\/li>\n<li>M\u00e1s hagyom\u00e1nyos \u00e9p\u00edt\u00e9si m\u00f3dokkal azonos \u00e9lettartam, a tervez\u00e9sre, kivitelez\u00e9sre \u00e9s haszn\u00e1latra vonatkoz\u00f3 el\u0151\u00edr\u00e1sok betart\u00e1sa eset\u00e9n.<\/li>\n<li>A visszamaradt anyagok megsemmis\u00edt\u00e9se nem k\u00e1ros\u00edtja a k\u00f6rnyezetet.<\/li>\n<li>A szalma \u00e9s fa keletkez\u00e9se -szemben m\u00e1s \u00e9p\u00edt\u0151anyagokkal- nagy mennyis\u00e9g\u0171 negat\u00edv CO2 kibocs\u00e1t\u00e1ssal, azaz CO2 elnyel\u00e9ssel j\u00e1r, \u00edgy az \u00e1tlagos szalmah\u00e1z \u00e9p\u00edt\u00e9se CO2 semleges.\u00a0<\/li>\n<\/ul>\n<\/li>\n<\/ul>            <\/div>\n\n    <\/div>\n    <!-- \/module feature -->\n\n                        <\/div>\n                    \t\t<\/div>\n\t\t                                <\/div>\n                                <!-- \/row_inner -->\n                        <\/div>\n                        <!-- \/module_row -->\n\t\t\t\t\t\t<!-- module_row -->\n\t\t<div  class=\"themify_builder_row module_row clearfix module_row_3 themify_builder_6_row module_row_6-3\">\n\t\t\t\t\t\t<div class=\"row_inner col_align_top\" >\n                            \n\t\t<div  class=\"module_column tb-column col-full first tb_6_column module_column_0 module_column_6-3-0\" >\n                                                                <div class=\"tb-column-inner\">\n                            \n\n<!-- module text -->\n<div  id=\"text-6-3-0-0\" class=\"module module-text text-6-3-0-0  repeat  \">\n    <!--insert-->\n    \n        <p>\u00a0<\/p>\n<ul>\n<li style=\"font-weight: 400;\"><span style=\"font-weight: 400;\">\u00a0 \u00a0 \u00a0 \u00a0A szalmah\u00e1z h\u00e1rmas t\u0171zv\u00e9delmi fokozatba tartozik, vagyis az \u00e9p\u00fcletek legal\u00e1bb 45 percen \u00e1t b\u00edrj\u00e1k a t\u0171z ostrom\u00e1t s\u00e9r\u00fcl\u00e9s vagy f\u00fcstsziv\u00e1rg\u00e1s n\u00e9lk\u00fcl. A szalma teh\u00e1t hi\u00e1ba k\u00f6nnyen \u00e9ghet\u0151, a vakolatba burkolva \u00e9pp annyira biztons\u00e1gos, mint a hagyom\u00e1nyos \u00e9p\u00edt\u0151anyagok.<\/span><\/li>\n<\/ul>        <\/div>\n<!-- \/module text -->\n\n\n\n    <!-- module divider -->\n    <div  id=\"divider-6-3-0-1\" class=\"module module-divider divider-6-3-0-1 solid    \" style=\"border-width: 1px;border-color: #000000;margin-top: 10px;margin-bottom: 20px;\">\n        <!--insert-->\n            <\/div>\n    <!-- \/module divider -->\n\n\n\n    <!-- module gallery -->\n    <div  id=\"gallery-6-3-0-2\" class=\"module module-gallery gallery-6-3-0-2 gallery gallery-columns-3  layout-grid   \">\n        <!--insert-->\n        \n\t\t\n        \n    <dl class=\"gallery-item\">\n        <dt class=\"gallery-icon\">\n        <a title=\"\" href=\"https:\/\/szalmahazak.hu\/wp-content\/uploads\/2018\/10\/epites-small.jpg\"><img loading=\"lazy\" src=\"https:\/\/szalmahazak.hu\/wp-content\/uploads\/2018\/10\/epites-small-300x200.jpg\" width=\"300\" height=\"200\" class=\" wp-post-image wp-image-71\" alt=\"epites small\" \/><\/a>        <\/dt>\n        <dd>\n                                <\/dd>\n    <\/dl>\n\n    \n\n    <dl class=\"gallery-item\">\n        <dt class=\"gallery-icon\">\n        <a title=\"\" href=\"https:\/\/szalmahazak.hu\/wp-content\/uploads\/2018\/10\/koszoruepites-small.jpg\"><img loading=\"lazy\" src=\"https:\/\/szalmahazak.hu\/wp-content\/uploads\/2018\/10\/koszoruepites-small-300x200.jpg\" width=\"300\" height=\"200\" class=\" wp-post-image wp-image-72\" alt=\"koszoruepites small\" \/><\/a>        <\/dt>\n        <dd>\n                                <\/dd>\n    <\/dl>\n\n    \n\n    <dl class=\"gallery-item\">\n        <dt class=\"gallery-icon\">\n        <a title=\"\" href=\"https:\/\/szalmahazak.hu\/wp-content\/uploads\/2018\/10\/kulsofal-small.jpg\"><img loading=\"lazy\" src=\"https:\/\/szalmahazak.hu\/wp-content\/uploads\/2018\/10\/kulsofal-small-300x200.jpg\" width=\"300\" height=\"200\" class=\" wp-post-image wp-image-73\" alt=\"kulsofal small\" \/><\/a>        <\/dt>\n        <dd>\n                                <\/dd>\n    <\/dl>\n\n            <br style=\"clear: both\" \/>\n    \n\n    <dl class=\"gallery-item\">\n        <dt class=\"gallery-icon\">\n        <a title=\"\" href=\"https:\/\/szalmahazak.hu\/wp-content\/uploads\/2018\/10\/szalmafal-small.jpg\"><img loading=\"lazy\" src=\"https:\/\/szalmahazak.hu\/wp-content\/uploads\/2018\/10\/szalmafal-small-300x200.jpg\" width=\"300\" height=\"200\" class=\" wp-post-image wp-image-74\" alt=\"szalmafal small\" \/><\/a>        <\/dt>\n        <dd>\n                                <\/dd>\n    <\/dl>\n\n    \n\n    <dl class=\"gallery-item\">\n        <dt class=\"gallery-icon\">\n        <a title=\"\" href=\"https:\/\/szalmahazak.hu\/wp-content\/uploads\/2018\/10\/szalmafal2-small.jpg\"><img loading=\"lazy\" src=\"https:\/\/szalmahazak.hu\/wp-content\/uploads\/2018\/10\/szalmafal2-small-300x200.jpg\" width=\"300\" height=\"200\" class=\" wp-post-image wp-image-75\" alt=\"szalmafal2 small\" \/><\/a>        <\/dt>\n        <dd>\n                                <\/dd>\n    <\/dl>\n\n    \n\n    <dl class=\"gallery-item\">\n        <dt class=\"gallery-icon\">\n        <a title=\"\" href=\"https:\/\/szalmahazak.hu\/wp-content\/uploads\/2018\/10\/szalmahaz-small.jpg\"><img loading=\"lazy\" src=\"https:\/\/szalmahazak.hu\/wp-content\/uploads\/2018\/10\/szalmahaz-small-300x200.jpg\" width=\"300\" height=\"200\" class=\" wp-post-image wp-image-76\" alt=\"szalmahaz small\" \/><\/a>        <\/dt>\n        <dd>\n                                <\/dd>\n    <\/dl>\n\n            <br style=\"clear: both\" \/>\n    \n<br style=\"clear: both\" \/>\n\n    <\/div>\n    <!-- \/module gallery -->\n\n                        <\/div>\n                    \t\t<\/div>\n\t\t                                <\/div>\n                                <!-- \/row_inner -->\n                        <\/div>\n                        <!-- \/module_row -->\n\t\t\t\t\t\t<!-- module_row -->\n\t\t<div  class=\"themify_builder_row module_row clearfix module_row_4 themify_builder_6_row module_row_6-4\">\n\t\t\t\t\t\t<div class=\"row_inner col_align_top\" >\n                            \n\t\t<div  class=\"module_column tb-column col-full first tb_6_column module_column_0 module_column_6-4-0\" >\n                                                                <div class=\"tb-column-inner\">\n                            \n\n    <!-- module divider -->\n    <div  id=\"divider-6-4-0-0\" class=\"module module-divider divider-6-4-0-0 solid    \" style=\"border-width: 1px;border-color: #000000;margin-top: 20px;margin-bottom: 20px;\">\n        <!--insert-->\n            <\/div>\n    <!-- \/module divider -->\n\n\n\n    <div class=\"tb_slider_loader\"><\/div>\n    <div id=\"slider-6-4-0-1\" class=\"module module-slider slider-6-4-0-1 themify_builder_slider_wrap clearfix  slider-default   \">\n        <!--insert-->\n                <ul class=\"themify_builder_slider\"\n            data-id=\"slider-6-4-0-1\" \n            data-visible=\"5\" \n            data-mob-visible=\"0\"\n            data-scroll=\"1\" \n            data-auto-scroll=\"3\"\n            data-speed=\"1\"\n            data-wrap=\"yes\"\n            data-arrow=\"yes\"\n            data-pagination=\"yes\"\n            data-effect=\"scroll\" \n            data-height=\"variable\" \n            data-pause-on-hover=\"resume\"\n            >\n                        <\/ul>\n    <\/div>\n        \n                        <\/div>\n                    \t\t<\/div>\n\t\t                                <\/div>\n                                <!-- \/row_inner -->\n                        <\/div>\n                        <!-- \/module_row -->\n\t\t<\/div>\n<p>&nbsp;<\/p>\n","protected":false},"excerpt":{"rendered":"<p>Szalmah\u00e1zakK\u00f6rnyezetk\u00edm\u00e9l\u0151 \u00e9p\u00edtkez\u00e9s Hagyom\u00e1ny \u00e9s modern technika \u00f6tv\u00f6zete. Mi\u00e9rt pont szalmah\u00e1z? \u00a0 A szalmah\u00e1z az egyik legkedvez\u0151bb megold\u00e1s a k\u00f6rnyezetv\u00e9delem ir\u00e1nt elk\u00f6telezett \u00e9p\u00edtkez\u0151k sz\u00e1m\u00e1ra. A felhaszn\u00e1lt anyagok el\u0151\u00e1ll\u00edt\u00e1sa, feldolgoz\u00e1sa nem ig\u00e9nyel fosszilis energi\u00e1t. Egy hagyom\u00e1nyos h\u00e1znak j\u00f3kora \u00f6kol\u00f3giai l\u00e1bnyoma van, hisz jelent\u0151s energiafelhaszn\u00e1l\u00e1sa mellett a t\u00e9gla, cser\u00e9p, beton gy\u00e1rt\u00e1sa sor\u00e1n keletkez\u0151 leveg\u0151szennyez\u00e9st is bele kell kalkul\u00e1lni. [&hellip;]<\/p>\n","protected":false},"author":1,"featured_media":0,"parent":0,"menu_order":0,"comment_status":"closed","ping_status":"closed","template":"","meta":[],"_links":{"self":[{"href":"https:\/\/szalmahazak.hu\/index.php\/wp-json\/wp\/v2\/pages\/6"}],"collection":[{"href":"https:\/\/szalmahazak.hu\/index.php\/wp-json\/wp\/v2\/pages"}],"about":[{"href":"https:\/\/szalmahazak.hu\/index.php\/wp-json\/wp\/v2\/types\/page"}],"author":[{"embeddable":true,"href":"https:\/\/szalmahazak.hu\/index.php\/wp-json\/wp\/v2\/users\/1"}],"replies":[{"embeddable":true,"href":"https:\/\/szalmahazak.hu\/index.php\/wp-json\/wp\/v2\/comments?post=6"}],"version-history":[{"count":89,"href":"https:\/\/szalmahazak.hu\/index.php\/wp-json\/wp\/v2\/pages\/6\/revisions"}],"predecessor-version":[{"id":179,"href":"https:\/\/szalmahazak.hu\/index.php\/wp-json\/wp\/v2\/pages\/6\/revisions\/179"}],"wp:attachment":[{"href":"https:\/\/szalmahazak.hu\/index.php\/wp-json\/wp\/v2\/media?parent=6"}],"curies":[{"name":"wp","href":"https:\/\/api.w.org\/{rel}","templated":true}]}}